ist the prime factors of 8841453300.
2, 3, 5, 29, 338753
What are the prime factors of 8255805574?
2, 17, 242817811
What are the prime factors of 559950365?
5, 13, 31, 277891
List the prime factors of 53830520.
2, 5, 131, 10273
List the prime factors of 281250385.
5, 13, 73, 59273
List the prime factors of 379092088.
2, 1619, 29269
List the prime factors of 769693552.
2, 48105847
What are the prime factors of 356862424?
2, 277, 161039
What are the prime factors of 219692772?
2, 3, 13, 469429
What are the prime factors of 410190934?
2, 205095467
What are the prime factors of 4047333502?
2, 353, 1231, 4657
What are the prime factors of 242188992?
2, 3, 420467
What are the prime factors of 3624834915?
3, 5, 13, 19, 108707
What are the prime factors of 11897151?
3, 7, 80933
What are the prime factors of 3833067?
3, 7, 349, 523
List the prime factors of 41208587.
7, 19, 83, 3733
What are the prime factors of 1015287194?
2, 507643597
What are the prime factors of 38572707?
3, 12857569
List the prime factors of 637643623.
67, 379, 25111
List the prime factors of 588706325.
5, 23548253
List the prime factors of 859892746.
2, 29, 14825737
List the prime factors of 976905152.
2, 47, 79, 4111
List the prime factors of 16978427.
17, 29, 34439
List the prime factors of 120588059.
281, 429139
List the prime factors of 1377297538.
2, 53, 12993373
List the prime factors of 552868783.
19, 761, 38237
What are the prime factors of 97481471?
9173, 10627
What are the prime factors of 83832567?
3, 7, 13, 307079
What are the prime factors of 1110852795?
3, 5, 13, 5696681
What are the prime factors of 843034555?
5, 11, 317, 48353
What are the prime factors of 4111313416?
2, 7, 4549, 16139
List the prime factors of 7144633912.
2, 13, 68698403
What are the prime factors of 81698448?
2, 3, 13, 130927
List the prime factors of 4059090867.
3, 13, 17, 6122309
What are the prime factors of 358448515?
5, 1483, 48341
List the prime factors of 864858798.
2, 3, 587, 81853
What are the prime factors of 41838306?
2, 3, 53, 149, 883
List the prime factors of 1298695056.
2, 3, 1889, 14323
What are the prime factors of 51345148?
2, 12836287
List the prime factors of 140049264.
2, 3, 17, 171629
List the prime factors of 17444976.
2, 3, 363437
What are the prime factors of 1643366676?
2, 3, 7, 17, 199, 5783
List the prime factors of 1186679141.
173, 6859417
List the prime factors of 11574369.
3, 73, 79, 223
List the prime factors of 272543516.
2, 7, 347, 28051
List the prime factors of 133029792.
2, 3, 7, 19, 23, 151
List the prime factors of 643796711.
643796711
List the prime factors of 7582065.
3, 5, 23, 21977
List the prime factors of 143822159.
13, 17, 650779
What are the prime factors of 5346635824?
2, 43, 359, 21647
List the prime factors of 55597629.
3, 19, 293, 3329
List the prime factors of 73214237.
2531, 28927
List the prime factors of 1222687834.
2, 611343917
List the prime factors of 1209195145.
5, 31, 7801259
List the prime factors of 36987860.
2, 5, 7, 13, 20323
List the prime factors of 367365332.
2, 91841333
List the prime factors of 681575675.
5, 11, 23, 197, 547
List the prime factors of 65257264.
2, 4078579
What are the prime factors of 8881704?
2, 3, 13, 3163
List the prime factors of 1241780116.
2, 29, 10705001
What are the prime factors of 3503858715?
3, 5, 7, 1235929
List the prime factors of 556250182.
2, 278125091
List the prime factors of 86382366.
2, 3, 7, 313, 6571
What are the prime factors of 14733931?
191, 77141
List the prime factors of 173506053.
3, 7, 8262193
What are the prime factors of 21132822?
2, 3, 29, 121453
What are the prime factors of 32029547?
11, 17, 23, 677
What are the prime factors of 717025889?
181, 3961469
What are the prime factors of 162911670?
2, 3, 5, 5430389
List the prime factors of 100999387.
100999387
What are the prime factors of 33167833?
17, 1951049
What are the prime factors of 209008206?
2, 3, 11, 1055597
List the prime factors of 51348202.
2, 53, 484417
What are the prime factors of 6239401857?
3, 13, 47, 163, 6961
List the prime factors of 949791823.
311, 3053993
What are the prime factors of 18400193?
7, 2628599
What are the prime factors of 21139486?
2, 73, 144791
What are the prime factors of 1337420136?
2, 3, 13, 449, 9547
What are the prime factors of 41698018?
2, 20849009
What are the prime factors of 2140013736?
2, 3, 7, 179, 7907
List the prime factors of 133236363.
3, 13, 163, 20959
What are the prime factors of 681998403?
3, 359, 571, 1109
What are the prime factors of 19233488?
2, 37, 53, 613
What are the prime factors of 3522561487?
19, 185397973
What are the prime factors of 232820018?
2, 59, 1973051
What are the prime factors of 45998684?
2, 113, 149, 683
What are the prime factors of 151231097?
151231097
List the prime factors of 120890605.
5, 11, 2198011
List the prime factors of 89060715.
3, 5, 23, 3187
What are the prime factors of 1283351093?
8747, 146719
List the prime factors of 1773148357.
139, 12756463
What are the prime factors of 47056054?
2, 4127, 5701
What are the prime factors of 650242945?
5, 11, 17, 695447
What are the prime factors of 5396269673?
53819, 100267
List the prime factors of 125004603.
3, 41668201
What are the prime factors of 414291804?
2, 3, 1459, 23663
List the prime factors of 566262226.
2, 1063, 266351
What are the prime factors of 2578780079?
23, 29, 3866237
What are the prime factors of 75322153?
47, 1602599
List the prime factors of 33688137.
3, 7, 229171
List the prime factors of 95605843.
95605843
List the prime factors of 280058938.
2, 140029469
What are the prime factors of 476556003?
3, 7, 11, 293, 2347
List the prime factors of 90698773.
11, 8245343
List the prime factors of 1483771075.
5, 59350843
List the prime factors of 4121096285.
5, 27431, 30047
List the prime factors of 107588616.
2, 3, 601, 7459
What are the prime factors of 4719209438?
2, 13219, 178501
List the prime factors of 1534780524.
2, 3, 23, 67, 82997
List the prime factors of 29416648.
2, 3677081
What are the prime factors of 26663076?
2, 3, 11, 6121
List the prime factors of 2414027136.
2, 3, 113, 55633
List the prime factors of 22912437.
3, 73, 104623
List the prime factors of 1727995956.
2, 3, 509, 282907
What are the prime factors of 125966629?
125966629
What are the prime factors of 5727276?
2, 3, 23, 6917
List the prime factors of 13691978.
2, 1871, 3659
What are the prime factors of 46895430?
2, 3, 5, 587, 2663
List the prime factors of 154034389.
449, 343061
List the prime factors of 25083498.
2, 3, 11, 389, 977
What are the prime factors of 277764750?
2, 3, 5, 41, 3011
List the prime factors of 988812145.
5, 107, 1848247
List the prime factors of 1341525123.
3, 29, 883, 5821
List the prime factors of 1592921242.
2, 11, 72405511
List the prime factors of 167666567.
233, 719599
List the prime factors of 4281627553.
7, 179, 3417101
List the prime factors of 4595129603.
4595129603
What are the prime factors of 283667682?
2, 3, 19, 67, 37139
List the prime factors of 58499660.
2, 5, 2924983
List the prime factors of 4032149083.
10639, 378997
What are the prime factors of 651315619?
651315619
What are the prime factors of 83971838?
2, 41985919
What are the prime factors of 180923401?
17, 727, 14639
List the prime factors of 165821472.
2, 3, 281, 683
List the prime factors of 4195285748.
2, 1048821437
List the prime factors of 1064148904.
2, 7, 13, 31, 61, 773
What are the prime factors of 1979273301?
3, 19, 37, 251, 3739
List the prime factors of 4966884020.
2, 5, 7, 5068249
What are the prime factors of 27229887?
3, 461, 6563
List the prime factors of 77323987.
13, 5947999
List the prime factors of 156985338.
2, 3, 151, 173273
List the prime factors of 1949299622.
2, 29867, 32633
List the prime factors of 746460843.
3, 61, 71, 73, 787
List the prime factors of 625791891.
3, 1483, 140659
List the prime factors of 628594518.
2, 3, 19, 5513987
What are the prime factors of 448198147?
2203, 203449
List the prime factors of 27108266.
2, 13554133
What are the prime factors of 4293507425?
5, 19, 179, 50497
What are the prime factors of 63516942?
2, 3, 151, 23369
List the prime factors of 176060424.
2, 3, 7335851
What are the prime factors of 43489330?
2, 5, 4348933
What are the prime factors o